{"id":1220,"date":"2025-12-27T12:02:59","date_gmt":"2025-12-27T11:02:59","guid":{"rendered":"https:\/\/les-sillons-culturels.fr\/?page_id=1220"},"modified":"2026-02-22T20:22:19","modified_gmt":"2026-02-22T19:22:19","slug":"2026-01-10-males-saints","status":"publish","type":"page","link":"https:\/\/les-sillons-culturels.fr\/?page_id=1220","title":{"rendered":"2026-01-10 &#8211; MALES SAINTS"},"content":{"rendered":"\t\t<div data-elementor-type=\"wp-page\" data-elementor-id=\"1220\" class=\"elementor elementor-1220\">\n\t\t\t\t<div class=\"elementor-element elementor-element-3aafa25 e-grid e-con-boxed wpr-particle-no wpr-jarallax-no wpr-parallax-no wpr-sticky-section-no e-con e-parent\" data-id=\"3aafa25\" data-element_type=\"container\">\n\t\t\t\t\t<div class=\"e-con-inner\">\n\t\t\t\t<div class=\"elementor-element elementor-element-4459a3a elementor-widget elementor-widget-image\" data-id=\"4459a3a\" data-element_type=\"widget\" data-widget_type=\"image.default\">\n\t\t\t\t<div class=\"elementor-widget-container\">\n\t\t\t\t\t\t\t\t\t\t\t\t\t\t\t<img fetchpriority=\"high\" decoding=\"async\" width=\"768\" height=\"1024\" src=\"https:\/\/les-sillons-culturels.fr\/wp-content\/uploads\/IMG20260110170108-768x1024.png\" class=\"attachment-large size-large wp-image-1278\" alt=\"\" srcset=\"https:\/\/les-sillons-culturels.fr\/wp-content\/uploads\/IMG20260110170108-768x1024.png 768w, https:\/\/les-sillons-culturels.fr\/wp-content\/uploads\/IMG20260110170108-225x300.png 225w, https:\/\/les-sillons-culturels.fr\/wp-content\/uploads\/IMG20260110170108.png 960w\" sizes=\"(max-width: 768px) 100vw, 768px\" \/>\t\t\t\t\t\t\t\t\t\t\t\t\t\t\t<\/div>\n\t\t\t\t<\/div>\n\t\t\t\t<div class=\"elementor-element elementor-element-7792292 elementor-widget elementor-widget-image\" data-id=\"7792292\" data-element_type=\"widget\" data-widget_type=\"image.default\">\n\t\t\t\t<div class=\"elementor-widget-container\">\n\t\t\t\t\t\t\t\t\t\t\t\t\t\t\t<img decoding=\"async\" width=\"1024\" height=\"768\" src=\"https:\/\/les-sillons-culturels.fr\/wp-content\/uploads\/IMG20260110210153-1024x768.png\" class=\"attachment-large size-large wp-image-1282\" alt=\"\" srcset=\"https:\/\/les-sillons-culturels.fr\/wp-content\/uploads\/IMG20260110210153-1024x768.png 1024w, https:\/\/les-sillons-culturels.fr\/wp-content\/uploads\/IMG20260110210153-300x225.png 300w, https:\/\/les-sillons-culturels.fr\/wp-content\/uploads\/IMG20260110210153-768x576.png 768w, https:\/\/les-sillons-culturels.fr\/wp-content\/uploads\/IMG20260110210153.png 1280w\" sizes=\"(max-width: 1024px) 100vw, 1024px\" \/>\t\t\t\t\t\t\t\t\t\t\t\t\t\t\t<\/div>\n\t\t\t\t<\/div>\n\t\t\t\t<div class=\"elementor-element elementor-element-0e4cecb elementor-widget elementor-widget-image\" data-id=\"0e4cecb\" data-element_type=\"widget\" data-widget_type=\"image.default\">\n\t\t\t\t<div class=\"elementor-widget-container\">\n\t\t\t\t\t\t\t\t\t\t\t\t\t\t\t<img decoding=\"async\" width=\"1024\" height=\"768\" src=\"https:\/\/les-sillons-culturels.fr\/wp-content\/uploads\/IMG20260110204222-1024x768.png\" class=\"attachment-large size-large wp-image-1280\" alt=\"\" srcset=\"https:\/\/les-sillons-culturels.fr\/wp-content\/uploads\/IMG20260110204222-1024x768.png 1024w, https:\/\/les-sillons-culturels.fr\/wp-content\/uploads\/IMG20260110204222-300x225.png 300w, https:\/\/les-sillons-culturels.fr\/wp-content\/uploads\/IMG20260110204222-768x576.png 768w, https:\/\/les-sillons-culturels.fr\/wp-content\/uploads\/IMG20260110204222.png 1280w\" sizes=\"(max-width: 1024px) 100vw, 1024px\" \/>\t\t\t\t\t\t\t\t\t\t\t\t\t\t\t<\/div>\n\t\t\t\t<\/div>\n\t\t\t\t<div class=\"elementor-element elementor-element-08282a5 elementor-widget elementor-widget-image\" data-id=\"08282a5\" data-element_type=\"widget\" data-widget_type=\"image.default\">\n\t\t\t\t<div class=\"elementor-widget-container\">\n\t\t\t\t\t\t\t\t\t\t\t\t\t\t\t<img loading=\"lazy\" decoding=\"async\" width=\"1024\" height=\"768\" src=\"https:\/\/les-sillons-culturels.fr\/wp-content\/uploads\/IMG20260110204144-1024x768.png\" class=\"attachment-large size-large wp-image-1279\" alt=\"\" srcset=\"https:\/\/les-sillons-culturels.fr\/wp-content\/uploads\/IMG20260110204144-1024x768.png 1024w, https:\/\/les-sillons-culturels.fr\/wp-content\/uploads\/IMG20260110204144-300x225.png 300w, https:\/\/les-sillons-culturels.fr\/wp-content\/uploads\/IMG20260110204144-768x576.png 768w, https:\/\/les-sillons-culturels.fr\/wp-content\/uploads\/IMG20260110204144.png 1280w\" sizes=\"(max-width: 1024px) 100vw, 1024px\" \/>\t\t\t\t\t\t\t\t\t\t\t\t\t\t\t<\/div>\n\t\t\t\t<\/div>\n\t\t\t\t\t<\/div>\n\t\t\t\t<\/div>\n\t\t<div class=\"elementor-element elementor-element-9b04327 e-grid e-con-boxed wpr-particle-no wpr-jarallax-no wpr-parallax-no wpr-sticky-section-no e-con e-parent\" data-id=\"9b04327\" data-element_type=\"container\">\n\t\t\t\t\t<div class=\"e-con-inner\">\n\t\t\t\t<div class=\"elementor-element elementor-element-7e21abe elementor-widget elementor-widget-text-editor\" data-id=\"7e21abe\" data-element_type=\"widget\" data-widget_type=\"text-editor.default\">\n\t\t\t\t<div class=\"elementor-widget-container\">\n\t\t\t\t\t\t\t\t\t<p>Apr\u00e8s avoir re\u00e7u en 2025 Sans vergogne aussi, TourbilloN&rsquo;C ( chansons fran\u00e7aises et textes engag\u00e9s), Aquarela et ses rythmes br\u00e9siliens, Thomas Chamotte pirate perdu dans la Ni\u00e8vre, Primitive chaos ( du rock garage qui d\u00e9m\u00e9nage ! ils ont fait cette ann\u00e9e les premi\u00e8res parties des Fleshstones groupe culte des ann\u00e9es 80. Philippe Brul\u00e9 pour une ambiance piano bar, Miroir jazz et ses standards jazz et morceaux sud am\u00e9ricains. Marie P\u00e9trolette\u00a0 et les tribulations d&rsquo;une f\u00e9ministe d\u00e9sengag\u00e9e et enfin Kairn groupe celtique qui a fait danser et chanter petits et grands.<\/p><p>Les sillons culturels et ses propositions tjrs plus \u00e9clectiques commencent l&rsquo;ann\u00e9e avec du lourd, du tr\u00e8s lourd !\u00a0 Les M\u00e2les-saints seront au rdv le 10 Janvier 2026 au Bar en sc\u00e8ne de bussy la pesle. Le concert devrait commencer vers 20 h apr\u00e8s que Claire du ptit creux nous ai propos\u00e9s des goug\u00e8res \u00e0 la viande de pays et au fromage du coin. Le dessert n&rsquo;est pas un myst\u00e8re ( au chocolat) mais reste une surprise.\u00a0<\/p><p>Alors les M\u00e2les saints c est quoi ? .\u00a0 Les M\u00e2les saints c est trois gar\u00e7ons souffrant d&rsquo;une m\u00eame n\u00e9vrose : la sedatephobia. Situ\u00e9 ( du moins par interpole) dans la vall\u00e9e du Beuvron ( que les autochtones surnomment la vall\u00e9e du silence), le trio, apr\u00e8s avoir pouss\u00e9 au suicide ts les psychoth\u00e9rapeutes de la r\u00e9gion, jette des cailloux ds le Beuvron toute la sainte journ\u00e9e pour faire du bruit et lutter contre la maladie mentale. C est alors que le miracle ( enfin pour eux et pas forc\u00e9ment pour nous ) se produit. L&rsquo;un des trois quidam, las des ricochets et pr\u00eat \u00e0 en finir avec la vie,\u00a0 voit passer sur le Beuvron, une guitare, une basse et quelques \u00e9l\u00e9ments de batterie. L&rsquo;histoire raconte que ces instruments appartenaient \u00e0 thomas chamotte et seraient tomb\u00e9s, par dessus bord, de son bateau de pirate, un jour de temp\u00eate sur le Beuvron. C&rsquo; est ainsi que naquirent les M\u00e2les saints ! . Mais attention ! si leur musique est une th\u00e9rapie pour eux, elle ne l&rsquo;est pas, \u00e0 coup s\u00fbre, pour des oreilles chastes et fragiles. Les gar\u00e7ons, \u00e9lev\u00e9s au saucisson bon march\u00e9 et \u00e0 la soupe au glyphosate, restent rebels et insoumis. leur production rock punk terrorise ts les conservatoires de France, envoie du pav\u00e9 et pas dans le Beuvron !. Tu viens pas voir et \u00e9couter les Males-saints avec ta petite cousine Anne-sophie, tonton \u00c9douard te le pardonnerait pas. Tu jettes la tron\u00e7o dans le cul du c15 et tu te pointent avec tes potes ( sans roue de secours) . Un concert pour les courageux mais d&rsquo;o\u00f9 on est pas s\u00fbre de revenir indemne. On peut m\u00eame revenir moins b\u00eate !. A n&rsquo;en pas douter, les m\u00e2les-saints sont \u00e0 d\u00e9couvrir et leur chanteur Cochonou premier qui r\u00e8gne d&rsquo;une voix de fer s\u00fbre toutes les d\u00e9chetteries de la Ni\u00e8vre saura bien vous faire rire.<\/p>\t\t\t\t\t\t\t\t<\/div>\n\t\t\t\t<\/div>\n\t\t\t\t<div class=\"elementor-element elementor-element-add9a20 elementor-widget elementor-widget-image\" data-id=\"add9a20\" data-element_type=\"widget\" data-widget_type=\"image.default\">\n\t\t\t\t<div class=\"elementor-widget-container\">\n\t\t\t\t\t\t\t\t\t\t\t\t\t\t\t<img loading=\"lazy\" decoding=\"async\" width=\"724\" height=\"1024\" src=\"https:\/\/les-sillons-culturels.fr\/wp-content\/uploads\/affiche-2026-01-10-1-724x1024.jpg\" class=\"attachment-large size-large wp-image-1142\" alt=\"\" srcset=\"https:\/\/les-sillons-culturels.fr\/wp-content\/uploads\/affiche-2026-01-10-1-724x1024.jpg 724w, https:\/\/les-sillons-culturels.fr\/wp-content\/uploads\/affiche-2026-01-10-1-212x300.jpg 212w, https:\/\/les-sillons-culturels.fr\/wp-content\/uploads\/affiche-2026-01-10-1-768x1086.jpg 768w, https:\/\/les-sillons-culturels.fr\/wp-content\/uploads\/affiche-2026-01-10-1-1086x1536.jpg 1086w, https:\/\/les-sillons-culturels.fr\/wp-content\/uploads\/affiche-2026-01-10-1.jpg 1131w\" sizes=\"(max-width: 724px) 100vw, 724px\" \/>\t\t\t\t\t\t\t\t\t\t\t\t\t\t\t<\/div>\n\t\t\t\t<\/div>\n\t\t\t\t\t<\/div>\n\t\t\t\t<\/div>\n\t\t\t\t<\/div>\n\t\t","protected":false},"excerpt":{"rendered":"<p>Apr\u00e8s avoir re\u00e7u en 2025 Sans vergogne aussi, TourbilloN&rsquo;C ( chansons fran\u00e7aises et textes engag\u00e9s), Aquarela et ses rythmes br\u00e9siliens, Thomas Chamotte pirate perdu dans la Ni\u00e8vre, Primitive chaos ( du rock garage qui d\u00e9m\u00e9nage ! ils ont fait cette ann\u00e9e les premi\u00e8res parties des Fleshstones groupe culte des ann\u00e9es 80. Philippe Brul\u00e9 pour une ambiance piano bar, Miroir jazz et ses standards jazz et morceaux sud am\u00e9ricains. Marie P\u00e9trolette\u00a0 et les tribulations d&rsquo;une f\u00e9ministe d\u00e9sengag\u00e9e et enfin Kairn groupe celtique qui a fait danser et chanter petits et grands. Les sillons culturels et ses propositions tjrs plus \u00e9clectiques commencent l&rsquo;ann\u00e9e avec du lourd, du tr\u00e8s lourd !\u00a0 Les M\u00e2les-saints seront au rdv le 10 Janvier 2026 au Bar en sc\u00e8ne de bussy la pesle. Le concert devrait commencer vers 20 h apr\u00e8s que Claire du ptit creux nous ai propos\u00e9s des goug\u00e8res \u00e0 la viande de pays et au fromage du coin. Le dessert n&rsquo;est pas un myst\u00e8re ( au chocolat) mais reste une surprise.\u00a0 Alors les M\u00e2les saints c est quoi ? .\u00a0 Les M\u00e2les saints c est trois gar\u00e7ons souffrant d&rsquo;une m\u00eame n\u00e9vrose : la sedatephobia. Situ\u00e9 ( du moins par interpole) dans la vall\u00e9e du Beuvron ( que les autochtones surnomment la vall\u00e9e du silence), le trio, apr\u00e8s avoir pouss\u00e9 au suicide ts les psychoth\u00e9rapeutes de la r\u00e9gion, jette des cailloux ds le Beuvron toute la sainte journ\u00e9e pour faire du bruit et lutter contre la maladie mentale. C est alors que le miracle ( enfin pour eux et pas forc\u00e9ment pour nous ) se produit. L&rsquo;un des trois quidam, las des ricochets et pr\u00eat \u00e0 en finir avec la vie,\u00a0 voit passer sur le Beuvron, une guitare, une basse et quelques \u00e9l\u00e9ments de batterie. L&rsquo;histoire raconte que ces instruments appartenaient \u00e0 thomas chamotte et seraient tomb\u00e9s, par dessus bord, de son bateau de pirate, un jour de temp\u00eate sur le Beuvron. C&rsquo; est ainsi que naquirent les M\u00e2les saints ! . Mais attention ! si leur musique est une th\u00e9rapie pour eux, elle ne l&rsquo;est pas, \u00e0 coup s\u00fbre, pour des oreilles chastes et fragiles. Les gar\u00e7ons, \u00e9lev\u00e9s au saucisson bon march\u00e9 et \u00e0 la soupe au glyphosate, restent rebels et insoumis. leur production rock punk terrorise ts les conservatoires de France, envoie du pav\u00e9 et pas dans le Beuvron !. Tu viens pas voir et \u00e9couter les Males-saints avec ta petite cousine Anne-sophie, tonton \u00c9douard te le pardonnerait pas. Tu jettes la tron\u00e7o dans le cul du c15 et tu te pointent avec tes potes ( sans roue de secours) . Un concert pour les courageux mais d&rsquo;o\u00f9 on est pas s\u00fbre de revenir indemne. On peut m\u00eame revenir moins b\u00eate !. A n&rsquo;en pas douter, les m\u00e2les-saints sont \u00e0 d\u00e9couvrir et leur chanteur Cochonou premier qui r\u00e8gne d&rsquo;une voix de fer s\u00fbre toutes les d\u00e9chetteries de la Ni\u00e8vre saura bien vous faire rire.<\/p>\n","protected":false},"author":1,"featured_media":0,"parent":0,"menu_order":0,"comment_status":"closed","ping_status":"closed","template":"elementor_header_footer","meta":{"ocean_post_layout":"","ocean_both_sidebars_style":"","ocean_both_sidebars_content_width":0,"ocean_both_sidebars_sidebars_width":0,"ocean_sidebar":"","ocean_second_sidebar":"","ocean_disable_margins":"enable","ocean_add_body_class":"","ocean_shortcode_before_top_bar":"","ocean_shortcode_after_top_bar":"","ocean_shortcode_before_header":"","ocean_shortcode_after_header":"","ocean_has_shortcode":"","ocean_shortcode_after_title":"","ocean_shortcode_before_footer_widgets":"","ocean_shortcode_after_footer_widgets":"","ocean_shortcode_before_footer_bottom":"","ocean_shortcode_after_footer_bottom":"","ocean_display_top_bar":"default","ocean_display_header":"default","ocean_header_style":"","ocean_center_header_left_menu":"","ocean_custom_header_template":"","ocean_custom_logo":0,"ocean_custom_retina_logo":0,"ocean_custom_logo_max_width":0,"ocean_custom_logo_tablet_max_width":0,"ocean_custom_logo_mobile_max_width":0,"ocean_custom_logo_max_height":0,"ocean_custom_logo_tablet_max_height":0,"ocean_custom_logo_mobile_max_height":0,"ocean_header_custom_menu":"","ocean_menu_typo_font_family":"","ocean_menu_typo_font_subset":"","ocean_menu_typo_font_size":0,"ocean_menu_typo_font_size_tablet":0,"ocean_menu_typo_font_size_mobile":0,"ocean_menu_typo_font_size_unit":"px","ocean_menu_typo_font_weight":"","ocean_menu_typo_font_weight_tablet":"","ocean_menu_typo_font_weight_mobile":"","ocean_menu_typo_transform":"","ocean_menu_typo_transform_tablet":"","ocean_menu_typo_transform_mobile":"","ocean_menu_typo_line_height":0,"ocean_menu_typo_line_height_tablet":0,"ocean_menu_typo_line_height_mobile":0,"ocean_menu_typo_line_height_unit":"","ocean_menu_typo_spacing":0,"ocean_menu_typo_spacing_tablet":0,"ocean_menu_typo_spacing_mobile":0,"ocean_menu_typo_spacing_unit":"","ocean_menu_link_color":"","ocean_menu_link_color_hover":"","ocean_menu_link_color_active":"","ocean_menu_link_background":"","ocean_menu_link_hover_background":"","ocean_menu_link_active_background":"","ocean_menu_social_links_bg":"","ocean_menu_social_hover_links_bg":"","ocean_menu_social_links_color":"","ocean_menu_social_hover_links_color":"","ocean_disable_title":"default","ocean_disable_heading":"default","ocean_post_title":"","ocean_post_subheading":"","ocean_post_title_style":"","ocean_post_title_background_color":"","ocean_post_title_background":0,"ocean_post_title_bg_image_position":"","ocean_post_title_bg_image_attachment":"","ocean_post_title_bg_image_repeat":"","ocean_post_title_bg_image_size":"","ocean_post_title_height":0,"ocean_post_title_bg_overlay":0.5,"ocean_post_title_bg_overlay_color":"","ocean_disable_breadcrumbs":"default","ocean_breadcrumbs_color":"","ocean_breadcrumbs_separator_color":"","ocean_breadcrumbs_links_color":"","ocean_breadcrumbs_links_hover_color":"","ocean_display_footer_widgets":"default","ocean_display_footer_bottom":"default","ocean_custom_footer_template":"","footnotes":""},"class_list":["post-1220","page","type-page","status-publish","hentry","entry"],"_links":{"self":[{"href":"https:\/\/les-sillons-culturels.fr\/index.php?rest_route=\/wp\/v2\/pages\/1220","targetHints":{"allow":["GET"]}}],"collection":[{"href":"https:\/\/les-sillons-culturels.fr\/index.php?rest_route=\/wp\/v2\/pages"}],"about":[{"href":"https:\/\/les-sillons-culturels.fr\/index.php?rest_route=\/wp\/v2\/types\/page"}],"author":[{"embeddable":true,"href":"https:\/\/les-sillons-culturels.fr\/index.php?rest_route=\/wp\/v2\/users\/1"}],"replies":[{"embeddable":true,"href":"https:\/\/les-sillons-culturels.fr\/index.php?rest_route=%2Fwp%2Fv2%2Fcomments&post=1220"}],"version-history":[{"count":13,"href":"https:\/\/les-sillons-culturels.fr\/index.php?rest_route=\/wp\/v2\/pages\/1220\/revisions"}],"predecessor-version":[{"id":1286,"href":"https:\/\/les-sillons-culturels.fr\/index.php?rest_route=\/wp\/v2\/pages\/1220\/revisions\/1286"}],"wp:attachment":[{"href":"https:\/\/les-sillons-culturels.fr\/index.php?rest_route=%2Fwp%2Fv2%2Fmedia&parent=1220"}],"curies":[{"name":"wp","href":"https:\/\/api.w.org\/{rel}","templated":true}]}}